70841
List the prime factors of 3432296603.
1181, 2906263
List the prime factors of 69588220.
2, 5, 13, 267647
What are the prime factors of 927053707?
17, 1667, 32713
List the prime factors of 705896553.
3, 235298851
What are the prime factors of 2005090292?
2, 19, 31, 851057
What are the prime factors of 913637330?
2, 5, 337, 271109
What are the prime factors of 50973795?
3, 5, 443, 2557
What are the prime factors of 2558470567?
29, 269, 327967
List the prime factors of 745945074.
2, 3, 7, 17, 348247
What are the prime factors of 371475168?
2, 3, 827, 4679
What are the prime factors of 3960410459?
59, 71, 945431
List the prime factors of 102211390.
2, 5, 37, 276247
List the prime factors of 12411055.
5, 47, 52813
What are the prime factors of 740402165?
5, 19, 43, 211, 859
What are the prime factors of 62574000?
2, 3, 5, 10429
What are the prime factors of 15631301?
7, 67, 33329
What are the prime factors of 149322318?
2, 3, 389, 63977
What are the prime factors of 3623633?
13, 278741
List the prime factors of 47129662.
2, 79, 313, 953
What are the prime factors of 320697358?
2, 5227, 30677
What are the prime factors of 10063805?
5, 839, 2399
What are the prime factors of 2416361918?
2, 241, 5013199
What are the prime factors of 128568251?
7, 41, 373, 1201
What are the prime factors of 1823887308?
2, 3, 313, 485593
What are the prime factors of 81825320?
2, 5, 97, 21089
List the prime factors of 134312371.
134312371
What are the prime factors of 1408753672?
2, 176094209
List the prime factors of 22082636.
2, 19, 37, 7853
List the prime factors of 3190970828.
2, 797742707
What are the prime factors of 5619001?
5619001
What are the prime factors of 1001145105?
3, 5, 29, 767161
What are the prime factors of 12489520?
2, 5, 156119
What are the prime factors of 1090527?
3, 593, 613
What are the prime factors of 396969466?
2, 23, 8629771
What are the prime factors of 7236610?
2, 5, 723661
What are the prime factors of 213305288?
2, 7, 41, 61, 1523
What are the prime factors of 3014833594?
2, 1507416797
What are the prime factors of 3934402183?
3934402183
What are the prime factors of 214851321?
3, 17, 1404257
List the prime factors of 1271667025.
5, 50866681
What are the prime factors of 1401263785?
5, 280252757
What are the prime factors of 665260059?
3, 4259, 52067
What are the prime factors of 1378336578?
2, 3, 229722763
What are the prime factors of 45674172?
2, 3, 17, 24877
What are the prime factors of 3772821?
3, 13, 96739
List the prime factors of 1294627201.
7, 184946743
What are the prime factors of 609587416?
2, 76198427
What are the prime factors of 547124711?
7, 139, 562307
List the prime factors of 3502835426.
2, 1751417713
What are the prime factors of 136083412?
2, 1433, 23741
What are the prime factors of 1374624?
2, 3, 37, 43
List the prime factors of 21692634.
2, 3, 23, 191, 823
What are the prime factors of 2861504667?
3, 7, 251, 180959
List the prime factors of 413965797.
3, 7, 3181, 6197
What are the prime factors of 2436149522?
2, 691, 1762771
What are the prime factors of 1909947985?
5, 11, 43, 443, 1823
What are the prime factors of 20586405?
3, 5, 7, 17, 19, 607
What are the prime factors of 3878680637?
13, 1901, 12073
List the prime factors of 1132127634.
2, 3, 11, 47, 151, 2417
List the prime factors of 430610659.
41, 1171, 8969
List the prime factors of 19141948.
2, 7, 127, 769
What are the prime factors of 30146151?
3, 7, 17, 84443
List the prime factors of 3253270566.
2, 3, 7, 13, 5958371
List the prime factors of 37923896.
2, 97, 48871
List the prime factors of 3278283602.
2, 11, 67, 2224073
What are the prime factors of 2827352983?
7, 13, 59, 71, 7417
What are the prime factors of 44844425?
5, 59, 30403
List the prime factors of 639423293.
639423293
What are the prime factors of 411319798?
2, 59, 331, 10531
List the prime factors of 26597943.
3, 985109
List the prime factors of 91223314.
2, 7, 13, 67, 7481
What are the prime factors of 287428814?
2, 143714407
What are the prime factors of 67686057?
3, 109, 211
What are the prime factors of 24795461?
47, 527563
What are the prime factors of 54451459?
17, 43, 74489
What are the prime factors of 839215307?
7, 109, 157127
List the prime factors of 8125319139.
3, 7, 31, 79, 157991
What are the prime factors of 5959325190?
2, 3, 5, 7, 13, 89, 24527
What are the prime factors of 25826571?
3, 271, 10589
What are the prime factors of 144660753?
3, 16073417
What are the prime factors of 1080521603?
7, 103, 137, 10939
List the prime factors of 256737223.
256737223
What are the prime factors of 46835904?
2, 3, 83, 2939
What are the prime factors of 4369240122?
2, 3, 13, 56015899
List the prime factors of 58037353.
11, 1613, 3271
What are the prime factors of 322020997?
59, 71, 76873
What are the prime factors of 304688574?
2, 3, 5642381
What are the prime factors of 36511634?
2, 18255817
What are the prime factors of 7508421964?
2, 79, 97, 244957
What are the prime factors of 204028182?
2, 3, 809, 14011
List the prime factors of 5029649670.
2, 3, 5, 139, 1206151
What are the prime factors of 3590869315?
5, 11, 65288533
List the prime factors of 436044512.
2, 31, 41, 71, 151
List the prime factors of 1024392160.
2, 5, 11, 127, 4583
What are the prime factors of 75966855?
3, 5, 1423, 3559
What are the prime factors of 223902866?
2, 11, 179, 56857
List the prime factors of 3860030.
2, 5, 139, 2777
List the prime factors of 3295421.
977, 3373
List the prime factors of 3595113910.
2, 5, 97, 3706303
What are the prime factors of 63691118?
2, 71, 313, 1433
List the prime factors of 112091225.
5, 4483649
List the prime factors of 110936909.
110936909
What are the prime factors of 125847978?
2, 3, 20974663
What are the prime factors of 984608256?
2, 3, 443, 1447
List the prime factors of 57569095.
5, 1499, 7681
List the prime factors of 2751810522.
2, 3, 29, 139, 113777
List the prime factors of 12809546.
2, 6404773
List the prime factors of 154316486.
2, 101, 763943
What are the prime factors of 357195038?
2, 178597519
What are the prime factors of 404352452?
2, 7, 19, 29, 26209
What are the prime factors of 7190378?
2, 13, 276553
List the prime factors of 631585455.
3, 5, 42105697
What are the prime factors of 173831409?
3, 17, 1136153
List the prime factors of 1921695174.
2, 3, 7, 41, 397, 937
List the prime factors of 570478260.
2, 3, 5, 11, 864361
What are the prime factors of 98721963?
3, 3656369
What are the prime factors of 2827882352?
2, 176742647
What are the prime factors of 94504452?
2, 3, 7, 1125053
List the prime factors of 3245377686.
2, 3, 227, 2382803
List the prime factors of 396506710.
2, 5, 61, 650011
List the prime factors of 8666819.
7, 61, 20297
What are the prime factors of 1752870485?
5, 350574097
What are the prime factors of 842290920?
2, 3, 5, 779899
List the prime factors of 1860974572.
2, 137, 3395939
What are the prime factors of 125503329?
3, 7, 29, 206081
List the prime factors of 588860639.
8123, 72493
List the prime factors of 1182452146.
2, 591226073
List the prime factors of 428812680.
2, 3, 5, 89, 40151
List the prime factors of 603313440.
2, 3, 5, 1256903
List the prime factors of 695920624.
2, 7, 197, 31541
List the prime factors of 16117339.
7, 19, 179, 677
List the prime factors of 4362848291.
4362848291
List the prime factors of 72871317.
3, 8096813
List the prime factors of 75425625.
3, 5, 11, 23, 53
List the prime factors of 547287625.
5, 4378301
What are the prime factors of 527008572?
2, 3, 4879709
What are the prime factors of 3867462318?
2, 3, 644577053
What are the prime factors of 144069988?
2, 36017497
List the prime factors of 39399906.
2, 3, 7, 13, 72161
List the prime factors of 7372021006.
2, 7, 526572929
What are the prime factors of 629620876?
2, 199, 223, 3547
What are the prime factors of 69014583?
3, 11, 37, 83, 227
What are the prime factors of 67209531?
3, 22403177
List the prime factors of 1311123821.
7, 26757629
List the prime factors of 678573113.
89, 673, 11329
What are the prime factors of 1507961862?
2, 3, 11, 37, 205837
List the prime factors of 2952717631.
2952717631
What are the prime factors of 108192453?
3, 167, 215953
What are the prime factors of 62028267?
3, 7, 509, 829
What are the prime factors of 45850